{"id":1083,"date":"2018-06-19T12:21:14","date_gmt":"2018-06-19T11:21:14","guid":{"rendered":"https:\/\/air-association.fr\/?page_id=2"},"modified":"2018-06-19T12:21:14","modified_gmt":"2018-06-19T11:21:14","slug":"devenir-benevol","status":"publish","type":"page","link":"https:\/\/www.air-asso.org\/index.php\/devenir-benevol\/","title":{"rendered":"Devenir b\u00e9n\u00e9vole"},"content":{"rendered":"<ul>\n<li><span style=\"color: #000000;\">Vous souhaitez apporter votre aide aux personnes aveugles ou malvoyantes ?<\/span><\/li>\n<li>Vous savez utiliser un ordinateur, Windows ou Apple ?<\/li>\n<li>Vous pouvez \u00eatre disponible au moins 2 heures par semaine, \u00e0 Paris ?<\/li>\n<li>Vous aimer transmettre vos connaissances et votre savoir-faire ?<\/li>\n<li>Vous avez de la patience et de la bienveillance ?<\/li>\n<\/ul>\n\n\n<div class=\"wp-block-media-text alignwide is-stacked-on-mobile is-vertically-aligned-center\" style=\"grid-template-columns:38% auto\"><figure class=\"wp-block-media-text__media\"><img data-recalc-dims=\"1\" loading=\"lazy\" decoding=\"async\" width=\"760\" height=\"548\" src=\"https:\/\/i0.wp.com\/www.wor.air-asso.org\/wp-content\/uploads\/2019\/09\/rejoindre.png?resize=760%2C548\" alt=\"\" class=\"wp-image-905\" srcset=\"https:\/\/i0.wp.com\/www.air-asso.org\/wp-content\/uploads\/2019\/09\/rejoindre.png?w=930&amp;ssl=1 930w, https:\/\/i0.wp.com\/www.air-asso.org\/wp-content\/uploads\/2019\/09\/rejoindre.png?resize=300%2C216&amp;ssl=1 300w, https:\/\/i0.wp.com\/www.air-asso.org\/wp-content\/uploads\/2019\/09\/rejoindre.png?resize=768%2C554&amp;ssl=1 768w\" sizes=\"auto, (max-width: 760px) 100vw, 760px\" \/><\/figure><div class=\"wp-block-media-text__content\">\n<p style=\"font-size:30px;text-align:center\"><strong><span style=\"color:#328387\" class=\"tadv-color\">Rejoignez notre \u00e9quipe<\/span><\/strong><br><strong><span style=\"color:#328387\" class=\"tadv-color\">de b\u00e9n\u00e9voles formateurs !<\/span><\/strong><\/p>\n<\/div><\/div>\n\n\n\n<p style=\"text-align:right\"> Vous b\u00e9n\u00e9ficierez d&#8217;une formation \u00e0 la sp\u00e9cificit\u00e9 de nos cours.<br>Vous appr\u00e9cierez l&#8217;esprit amical et chaleureux de notre petite association.<\/p>\n","protected":false},"excerpt":{"rendered":"<p>Vous souhaitez apporter votre aide aux personnes aveugles ou malvoyantes ? Vous savez utiliser un ordinateur, Windows ou Apple ? Vous pouvez \u00eatre disponible au moins 2 heures par semaine, \u00e0 Paris ? Vous aimer&hellip; <a href=\"https:\/\/www.air-asso.org\/index.php\/devenir-benevol\/\">Plus<\/a><\/p>\n","protected":false},"author":2,"featured_media":0,"parent":0,"menu_order":4,"comment_status":"closed","ping_status":"closed","template":"","meta":{"om_disable_all_campaigns":false,"footnotes":""},"class_list":["post-1083","page","type-page","status-publish","hentry"],"aioseo_notices":[],"jetpack_sharing_enabled":false,"_links":{"self":[{"href":"https:\/\/www.air-asso.org\/index.php\/wp-json\/wp\/v2\/pages\/1083","targetHints":{"allow":["GET"]}}],"collection":[{"href":"https:\/\/www.air-asso.org\/index.php\/wp-json\/wp\/v2\/pages"}],"about":[{"href":"https:\/\/www.air-asso.org\/index.php\/wp-json\/wp\/v2\/types\/page"}],"author":[{"embeddable":true,"href":"https:\/\/www.air-asso.org\/index.php\/wp-json\/wp\/v2\/users\/2"}],"replies":[{"embeddable":true,"href":"https:\/\/www.air-asso.org\/index.php\/wp-json\/wp\/v2\/comments?post=1083"}],"version-history":[{"count":1,"href":"https:\/\/www.air-asso.org\/index.php\/wp-json\/wp\/v2\/pages\/1083\/revisions"}],"predecessor-version":[{"id":1126,"href":"https:\/\/www.air-asso.org\/index.php\/wp-json\/wp\/v2\/pages\/1083\/revisions\/1126"}],"wp:attachment":[{"href":"https:\/\/www.air-asso.org\/index.php\/wp-json\/wp\/v2\/media?parent=1083"}],"curies":[{"name":"wp","href":"https:\/\/api.w.org\/{rel}","templated":true}]}}

Devenir bénévole

<ul>
<li><span style="color: #000000;">Vous souhaitez apporter votre aide aux personnes aveugles ou malvoyantes ?</span></li>
<li>Vous savez utiliser un ordinateur, Windows ou Apple ?</li>
<li>Vous pouvez être disponible au moins 2 heures par semaine, à Paris ?</li>
<li>Vous aimer transmettre vos connaissances et votre savoir-faire ?</li>
<li>Vous avez de la patience et de la bienveillance ?</li>
</ul>


<div class="wp-block-media-text alignwide is-stacked-on-mobile is-vertically-aligned-center" style="grid-template-columns:38% auto"><figure class="wp-block-media-text__media"><img data-recalc-dims="1" loading="lazy" decoding="async" width="760" height="548" src="https://i0.wp.com/www.wor.air-asso.org/wp-content/uploads/2019/09/rejoindre.png?resize=760%2C548" alt="" class="wp-image-905" srcset="https://i0.wp.com/www.air-asso.org/wp-content/uploads/2019/09/rejoindre.png?w=930&amp;ssl=1 930w, https://i0.wp.com/www.air-asso.org/wp-content/uploads/2019/09/rejoindre.png?resize=300%2C216&amp;ssl=1 300w, https://i0.wp.com/www.air-asso.org/wp-content/uploads/2019/09/rejoindre.png?resize=768%2C554&amp;ssl=1 768w" sizes="auto, (max-width: 760px) 100vw, 760px" /></figure><div class="wp-block-media-text__content">
<p style="font-size:30px;text-align:center"><strong><span style="color:#328387" class="tadv-color">Rejoignez notre équipe</span></strong><br><strong><span style="color:#328387" class="tadv-color">de bénévoles formateurs !</span></strong></p>
</div></div>



<p style="text-align:right"> Vous bénéficierez d&#8217;une formation à la spécificité de nos cours.<br>Vous apprécierez l&#8217;esprit amical et chaleureux de notre petite association.</p>

<p>Vous souhaitez apporter votre aide aux personnes aveugles ou malvoyantes ? Vous savez utiliser un ordinateur, Windows ou Apple ? Vous pouvez être disponible au moins 2 heures par semaine, à Paris ? Vous aimer&hellip; <a href="https://www.air-asso.org/index.php/devenir-benevol/">Plus</a></p>
