{"id":133,"date":"2018-11-26T23:10:45","date_gmt":"2018-11-26T22:10:45","guid":{"rendered":"https:\/\/air-association.fr\/?page_id=133"},"modified":"2021-07-29T15:22:46","modified_gmt":"2021-07-29T13:22:46","slug":"nos-partenaires","status":"publish","type":"page","link":"https:\/\/www.air-asso.org\/index.php\/nos-partenaires\/","title":{"rendered":"Nos partenaires"},"content":{"rendered":"\n<hr class=\"wp-block-separator has-text-color has-background is-style-wide\" style=\"background-color:#328287;color:#328287\"\/>\n\n\n\n<div class=\"wp-block-media-text alignwide has-media-on-the-right is-stacked-on-mobile is-vertically-aligned-top\" style=\"grid-template-columns:auto 19%\"><figure class=\"wp-block-media-text__media\"><a href=\"http:\/\/www.les-cannes-blanches.com\" target=\"_blank\" rel=\"noopener noreferrer\"><img data-recalc-dims=\"1\" loading=\"lazy\" decoding=\"async\" width=\"167\" height=\"191\" src=\"https:\/\/i0.wp.com\/www.wor.air-asso.org\/wp-content\/uploads\/2019\/09\/Logo-cannes-blanches.png?resize=167%2C191\" alt=\"Logo de l'association &quot;les cannes blanches&quot;\" class=\"wp-image-801 size-full\"\/><\/a><\/figure><div class=\"wp-block-media-text__content\">\n<p class=\"has-text-align-justify has-normal-font-size\">Le but de l\u2019association &#8220;Les cannes blanches&#8221; est d\u2019apporter des aides morales, mat\u00e9rielles et financi\u00e8res r\u00e9pondant aux besoins et attentes des non et malvoyants .<\/p>\n<\/div><\/div>\n\n\n\n<hr class=\"wp-block-separator has-text-color has-background is-style-wide\" style=\"background-color:#328287;color:#328287\"\/>\n\n\n\n<div class=\"wp-block-media-text alignwide is-stacked-on-mobile is-vertically-aligned-top\" style=\"grid-template-columns:25% auto\"><figure class=\"wp-block-media-text__media\"><a href=\"https:\/\/accessolutions.fr\" target=\"_blank\" rel=\"noopener noreferrer\"><img data-recalc-dims=\"1\" loading=\"lazy\" decoding=\"async\" width=\"193\" height=\"192\" src=\"https:\/\/i0.wp.com\/www.air-asso.org\/wp-content\/uploads\/2021\/07\/logo_acces_solutions-2.gif?resize=193%2C192&#038;ssl=1\" alt=\"Logo Acces'solutions\" class=\"wp-image-1355 size-full\"\/><\/a><\/figure><div class=\"wp-block-media-text__content\">\n<p class=\"has-text-align-justify has-normal-font-size\">Depuis plus de 15 ans, nous mettons notre expertise au service des d\u00e9ficients visuels &#8211; aveugles et malvoyants. Vous trouverez chez nous des produits innovants et des services de formation, de conseil et de d\u00e9veloppement informatique sur mesure. \u00c9quipe \u00e0 taille humaine intervenant partout en France, nous utilisons nous-m\u00eames la plupart des solutions d&#8217;accessibilit\u00e9 que nous vous pr\u00e9senterons.<\/p>\n<\/div><\/div>\n\n\n\n<hr class=\"wp-block-separator has-text-color has-background is-style-wide\" style=\"background-color:#328287;color:#328287\"\/>\n\n\n\n\n\n<div class=\"wp-block-media-text alignwide has-media-on-the-right is-stacked-on-mobile is-vertically-aligned-top\" style=\"grid-template-columns:auto 25%\"><figure class=\"wp-block-media-text__media\"><a href=\"http:\/\/www.kapsys.com\" target=\"_blank\" rel=\"noopener noreferrer\"><img data-recalc-dims=\"1\" loading=\"lazy\" decoding=\"async\" width=\"190\" height=\"57\" src=\"https:\/\/i0.wp.com\/www.wor.air-asso.org\/wp-content\/uploads\/2019\/09\/Kapsys.jpg?resize=190%2C57\" alt=\"\" class=\"wp-image-800 size-full\"\/><\/a><\/figure><div class=\"wp-block-media-text__content\">\n<p class=\"has-text-align-justify has-normal-font-size\">KAPSYS est une soci\u00e9t\u00e9 fran\u00e7aise qui con\u00e7oit et commercialise des produits num\u00e9riques de mobilit\u00e9 et de communication pour d\u00e9ficients visuels.<\/p>\n\n\n<\/div><\/div>\n\n\n\n<hr class=\"wp-block-separator has-text-color has-background is-style-wide\" style=\"background-color:#328287;color:#328287\"\/>\n\n\n\n<div class=\"wp-block-media-text alignwide is-stacked-on-mobile is-vertically-aligned-top\" style=\"grid-template-columns:25% auto\"><figure class=\"wp-block-media-text__media\"><a href=\"http:\/\/fr.voxiweb.com\" target=\"_blank\" rel=\"noopener noreferrer\"><img data-recalc-dims=\"1\" loading=\"lazy\" decoding=\"async\" width=\"346\" height=\"125\" src=\"https:\/\/i0.wp.com\/www.wor.air-asso.org\/wp-content\/uploads\/2019\/10\/logo-de-Voxiweb.jpg?resize=346%2C125\" alt=\"logo Voxiweb &quot;'l'Internet qui parle&quot;\" class=\"wp-image-1060 size-full\" srcset=\"https:\/\/i0.wp.com\/www.air-asso.org\/wp-content\/uploads\/2019\/10\/logo-de-Voxiweb.jpg?w=346&amp;ssl=1 346w, https:\/\/i0.wp.com\/www.air-asso.org\/wp-content\/uploads\/2019\/10\/logo-de-Voxiweb.jpg?resize=300%2C108&amp;ssl=1 300w\" sizes=\"auto, (max-width: 346px) 100vw, 346px\" \/><\/a><\/figure><div class=\"wp-block-media-text__content\">\n<p class=\"has-text-align-justify has-normal-font-size\">Solution innovante permettant aux personnes en situation de handicap visuel d&#8217;acc\u00e9der tr\u00e8s facilement et en toute autonomie \u00e0 Internet.<\/p>\n<\/div><\/div>\n\n\n\n<hr class=\"wp-block-separator has-text-color has-background is-style-wide\" style=\"background-color:#328287;color:#328287\"\/>\n\n\n\n<div class=\"wp-block-media-text alignwide has-media-on-the-right is-stacked-on-mobile is-vertically-aligned-top\" style=\"grid-template-columns:auto 25%\"><figure class=\"wp-block-media-text__media\"><a href=\"http:\/\/www.fondationgrouperatp.fr\" target=\"_blank\" rel=\"noopener noreferrer\"><img data-recalc-dims=\"1\" decoding=\"async\" src=\"https:\/\/i0.wp.com\/www.air-asso.org\/wp-content\/uploads\/2020\/09\/fondation-RATP.png?w=760&#038;ssl=1\" alt=\"Logo de la fondation RATP\" class=\"wp-image-1261 size-full\"\/><\/a><\/figure><div class=\"wp-block-media-text__content\">\n<p class=\"has-text-align-justify has-normal-font-size\">La Fondation d\u2019entreprise groupe RATP contribue \u00e0 des \u0153uvres d\u2019int\u00e9r\u00eat g\u00e9n\u00e9ral, \u00e0 but non lucratif. Elle favorise, par ses actions, l\u2019acc\u00e8s \u00e0 l\u2019emploi, \u00e0 l\u2019\u00e9ducation, \u00e0 la culture et \u00e0 la transition \u00e9cologique.<\/p>\n<\/div><\/div>\n\n\n\n<hr class=\"wp-block-separator has-text-color has-background is-style-wide\" style=\"background-color:#328287;color:#328287\"\/>\n\n\n\n<div class=\"wp-block-media-text alignwide is-stacked-on-mobile is-vertically-aligned-top\" style=\"grid-template-columns:24% auto\"><figure class=\"wp-block-media-text__media\"><a href=\"http:\/\/www.fondation-free.fr\" target=\"_blank\" rel=\"noopener noreferrer\"><img data-recalc-dims=\"1\" loading=\"lazy\" decoding=\"async\" width=\"760\" height=\"267\" src=\"https:\/\/i0.wp.com\/www.air-asso.org\/wp-content\/uploads\/2020\/06\/fondation-free%40300x.png?resize=760%2C267&#038;ssl=1\" alt=\"Logo de la fondation free\" class=\"wp-image-1244 size-full\" srcset=\"https:\/\/i0.wp.com\/www.air-asso.org\/wp-content\/uploads\/2020\/06\/fondation-free%40300x.png?resize=1024%2C360&amp;ssl=1 1024w, https:\/\/i0.wp.com\/www.air-asso.org\/wp-content\/uploads\/2020\/06\/fondation-free%40300x.png?resize=300%2C105&amp;ssl=1 300w, https:\/\/i0.wp.com\/www.air-asso.org\/wp-content\/uploads\/2020\/06\/fondation-free%40300x.png?resize=768%2C270&amp;ssl=1 768w, https:\/\/i0.wp.com\/www.air-asso.org\/wp-content\/uploads\/2020\/06\/fondation-free%40300x.png?resize=1536%2C540&amp;ssl=1 1536w, https:\/\/i0.wp.com\/www.air-asso.org\/wp-content\/uploads\/2020\/06\/fondation-free%40300x.png?resize=2048%2C720&amp;ssl=1 2048w, https:\/\/i0.wp.com\/www.air-asso.org\/wp-content\/uploads\/2020\/06\/fondation-free%40300x.png?resize=940%2C330&amp;ssl=1 940w, https:\/\/i0.wp.com\/www.air-asso.org\/wp-content\/uploads\/2020\/06\/fondation-free%40300x.png?resize=1138%2C400&amp;ssl=1 1138w, https:\/\/i0.wp.com\/www.air-asso.org\/wp-content\/uploads\/2020\/06\/fondation-free%40300x.png?w=2280&amp;ssl=1 2280w\" sizes=\"auto, (max-width: 760px) 100vw, 760px\" \/><\/a><\/figure><div class=\"wp-block-media-text__content\">\n<p class=\"has-text-align-justify\">La Fondation Free poursuit son objectif&nbsp;: rendre le num\u00e9rique accessible au plus grand nombre. Elle encourage la transmission d&#8217;un savoir num\u00e9rique, celui du dialogue et de l&#8217;\u00e9change, de la collaboration et de la cr\u00e9ation. La Fondation s&#8217;engage ainsi aupr\u00e8s d&#8217;acteurs qui placent la culture et le partage au c\u0153ur de leur projet.<\/p>\n<\/div><\/div>\n\n\n\n<hr class=\"wp-block-separator has-text-color has-background is-style-wide\" style=\"background-color:#328287;color:#328287\"\/>\n\n\n\n<div class=\"wp-block-group\"><div class=\"wp-block-group__inner-container is-layout-flow wp-block-group-is-layout-flow\">\n<div class=\"wp-block-media-text alignwide has-media-on-the-right is-stacked-on-mobile is-vertically-aligned-top\" style=\"grid-template-columns:auto 28%\"><figure class=\"wp-block-media-text__media\"><a href=\"http:\/\/www.corporate.bouyguestelecom.fr\" target=\"_blank\" rel=\"noopener noreferrer\"><img data-recalc-dims=\"1\" loading=\"lazy\" decoding=\"async\" width=\"500\" height=\"240\" src=\"https:\/\/i0.wp.com\/www.air-asso.org\/wp-content\/uploads\/2020\/09\/logo-fondation-bouygues.jpg?resize=500%2C240&#038;ssl=1\" alt=\"\" class=\"wp-image-1274 size-full\" srcset=\"https:\/\/i0.wp.com\/www.air-asso.org\/wp-content\/uploads\/2020\/09\/logo-fondation-bouygues.jpg?w=500&amp;ssl=1 500w, https:\/\/i0.wp.com\/www.air-asso.org\/wp-content\/uploads\/2020\/09\/logo-fondation-bouygues.jpg?resize=300%2C144&amp;ssl=1 300w\" sizes=\"auto, (max-width: 500px) 100vw, 500px\" \/><\/a><\/figure><div class=\"wp-block-media-text__content\">\n<p class=\"has-text-align-justify has-normal-font-size\">La Fondation Bouygues Telecom soutient, depuis 2006, des projets port\u00e9s par des associations en France m\u00e9tropolitaine. Elle s\u2019est fix\u00e9e trois domaines d\u2019intervention : la solidarit\u00e9, la lutte contre l\u2019illettrisme et l\u2019exclusion num\u00e9rique, et la protection de l\u2019environnement.<\/p>\n<\/div><\/div>\n<\/div><\/div>\n\n\n\n\n\n<hr class=\"wp-block-separator has-text-color has-background is-style-wide\" style=\"background-color:#328287;color:#328287\"\/>\n\n\n\n\n\n<div class=\"wp-block-media-text alignwide is-stacked-on-mobile is-vertically-aligned-top\" style=\"grid-template-columns:33% auto\"><figure class=\"wp-block-media-text__media\"><img data-recalc-dims=\"1\" decoding=\"async\" src=\"https:\/\/i0.wp.com\/www.air-asso.org\/wp-content\/uploads\/2020\/09\/darmon.png?w=760&#038;ssl=1\" alt=\"Logo de la fondation Darmon\" class=\"wp-image-1264 size-full\"\/><\/figure><div class=\"wp-block-media-text__content\">\n<p class=\"has-text-align-justify has-normal-font-size\">La fondation Ir\u00e8ne et Jacques Darmon soutient des initiatives au profit des personnes en difficult\u00e9, d&#8217;enfants de milieux d\u00e9favoris\u00e9s et au profit de la recherche.<\/p>\n<\/div><\/div>\n\n\n\n<hr class=\"wp-block-separator has-text-color has-background is-style-wide\" style=\"background-color:#328287;color:#328287\"\/>\n\n\n\n<div class=\"wp-block-media-text alignwide has-media-on-the-right is-stacked-on-mobile is-vertically-aligned-top\" style=\"grid-template-columns:auto 22%\"><figure class=\"wp-block-media-text__media\"><a href=\"http:\/\/www.cramif.fr\" target=\"_blank\" rel=\"noopener noreferrer\"><img data-recalc-dims=\"1\" loading=\"lazy\" decoding=\"async\" width=\"393\" height=\"128\" src=\"https:\/\/i0.wp.com\/www.air-asso.org\/wp-content\/uploads\/2020\/09\/logo-cramif.png?resize=393%2C128&#038;ssl=1\" alt=\"\" class=\"wp-image-1266 size-full\" srcset=\"https:\/\/i0.wp.com\/www.air-asso.org\/wp-content\/uploads\/2020\/09\/logo-cramif.png?w=393&amp;ssl=1 393w, https:\/\/i0.wp.com\/www.air-asso.org\/wp-content\/uploads\/2020\/09\/logo-cramif.png?resize=300%2C98&amp;ssl=1 300w\" sizes=\"auto, (max-width: 393px) 100vw, 393px\" \/><\/a><\/figure><div class=\"wp-block-media-text__content\">\n<p class=\"has-text-align-justify has-normal-font-size\">Organisme de S\u00e9curit\u00e9 sociale, appartenant au r\u00e9seau Assurance Maladie, la Cramif g\u00e8re le budget d&#8217;action sanitaire et sociale ainsi que le budget de pr\u00e9vention, d&#8217;\u00e9ducation et d&#8217;information sanitaires pour la r\u00e9gion \u00cele-de-France. Elle finance des projets associatifs dans les domaines suivants : situation de handicap ou de maladie, enfance et famille et pr\u00e9vention du suicide.<\/p>\n<\/div><\/div>\n","protected":false},"excerpt":{"rendered":"<p>Le but de l\u2019association &#8220;Les cannes blanches&#8221; est d\u2019apporter des aides morales, mat\u00e9rielles et financi\u00e8res r\u00e9pondant aux besoins et attentes des non et malvoyants . Depuis plus de 15 ans, nous mettons notre expertise au&hellip; <a href=\"https:\/\/www.air-asso.org\/index.php\/nos-partenaires\/\">Plus<\/a><\/p>\n","protected":false},"author":2,"featured_media":0,"parent":0,"menu_order":3,"comment_status":"closed","ping_status":"closed","template":"","meta":{"om_disable_all_campaigns":false,"footnotes":""},"class_list":["post-133","page","type-page","status-publish","hentry"],"aioseo_notices":[],"jetpack_sharing_enabled":true,"_links":{"self":[{"href":"https:\/\/www.air-asso.org\/index.php\/wp-json\/wp\/v2\/pages\/133","targetHints":{"allow":["GET"]}}],"collection":[{"href":"https:\/\/www.air-asso.org\/index.php\/wp-json\/wp\/v2\/pages"}],"about":[{"href":"https:\/\/www.air-asso.org\/index.php\/wp-json\/wp\/v2\/types\/page"}],"author":[{"embeddable":true,"href":"https:\/\/www.air-asso.org\/index.php\/wp-json\/wp\/v2\/users\/2"}],"replies":[{"embeddable":true,"href":"https:\/\/www.air-asso.org\/index.php\/wp-json\/wp\/v2\/comments?post=133"}],"version-history":[{"count":27,"href":"https:\/\/www.air-asso.org\/index.php\/wp-json\/wp\/v2\/pages\/133\/revisions"}],"predecessor-version":[{"id":1369,"href":"https:\/\/www.air-asso.org\/index.php\/wp-json\/wp\/v2\/pages\/133\/revisions\/1369"}],"wp:attachment":[{"href":"https:\/\/www.air-asso.org\/index.php\/wp-json\/wp\/v2\/media?parent=133"}],"curies":[{"name":"wp","href":"https:\/\/api.w.org\/{rel}","templated":true}]}}