{"id":349,"date":"2018-12-21T17:07:53","date_gmt":"2018-12-21T16:07:53","guid":{"rendered":"https:\/\/air-association.fr\/oneline-home\/"},"modified":"2020-07-09T09:06:02","modified_gmt":"2020-07-09T07:06:02","slug":"oneline-home","status":"publish","type":"page","link":"https:\/\/www.air-asso.org\/","title":{"rendered":"Qui sommes-nous ?"},"content":{"rendered":"\n<div class=\"wp-block-image\"><figure class=\"alignleft is-resized\"><img data-recalc-dims=\"1\" loading=\"lazy\" decoding=\"async\" src=\"https:\/\/i0.wp.com\/www.wor.air-asso.org\/wp-content\/uploads\/2019\/09\/oeilvert.jpg?resize=180%2C223\" alt=\"\" class=\"wp-image-608\" width=\"180\" height=\"223\" srcset=\"https:\/\/i0.wp.com\/www.air-asso.org\/wp-content\/uploads\/2019\/09\/oeilvert.jpg?w=329&amp;ssl=1 329w, https:\/\/i0.wp.com\/www.air-asso.org\/wp-content\/uploads\/2019\/09\/oeilvert.jpg?resize=242%2C300&amp;ssl=1 242w\" sizes=\"auto, (max-width: 180px) 100vw, 180px\" \/><\/figure><\/div>\n\n\n\n<p class=\"has-normal-font-size\">L\u00b4association <strong>A.I.R.<\/strong> dispense des <span style=\"color:#328387\" class=\"tadv-color\"><strong>cours d&#8217;informatique<\/strong><\/span> aux <span style=\"color:#328387\" class=\"tadv-color\"><strong>malvoyants, non-voyants<\/strong><\/span> et \u00e0 leur entourage :<\/p>\n\n\n\n<div class=\"wp-block-group\"><div class=\"wp-block-group__inner-container is-layout-flow wp-block-group-is-layout-flow\">\n<ul class=\"wp-block-list\"><li>les informe des possibilit\u00e9s offertes par les technologies adapt\u00e9es <\/li><li>leur apprend \u00e0 utiliser <strong><span style=\"color:#328387\" class=\"tadv-color\">ordinateurs, tablettes et smartphones<\/span><\/strong> fonctionnant sous Windows, Mac OS, IOS ou Andro\u00efd <\/li><li>les forme aux <strong><span style=\"color:#328387\" class=\"tadv-color\">logiciels et t\u00e9l\u00e9phones<\/span><\/strong> d\u00e9di\u00e9s aux d\u00e9ficients visuels, et aux logiciels bureautiques et m\u00e9tiers <\/li><\/ul>\n<\/div><\/div>\n\n\n\n<p class=\"has-text-color has-background has-text-align-justify has-dark-gray-color has-white-background-color\">Nos <strong><span style=\"color:#328387\" class=\"tadv-color\">formations<\/span><\/strong> sont  enti\u00e8rement<strong> <span style=\"color:#328387\" class=\"tadv-color\">personnalis\u00e9es<\/span><\/strong> et dispens\u00e9es sous forme de <strong><span style=\"color:#328387\" class=\"tadv-color\">cours particuliers<\/span><\/strong>  par notre \u00e9quipe exp\u00e9riment\u00e9e de formateurs b\u00e9n\u00e9voles, dans une ambiance conviviale et bienveillante.<br>Le futur stagiaire, apr\u00e8s un entretien pour \u00e9valuer ses possibilit\u00e9s, envies et besoins,  pourra s&#8217;il le souhaite apprendre sur les appareils et logiciels de l&#8217;association avant d&#8217;acqu\u00e9rir son propre \u00e9quipement.<\/p>\n\n\n\n<div class=\"wp-block-media-text alignwide has-media-on-the-right is-stacked-on-mobile\" style=\"grid-template-columns:auto 42%\"><figure class=\"wp-block-media-text__media\"><img data-recalc-dims=\"1\" loading=\"lazy\" decoding=\"async\" width=\"400\" height=\"193\" src=\"https:\/\/i0.wp.com\/www.wor.air-asso.org\/wp-content\/uploads\/2019\/02\/AIR2017-03-08_054-1-e1569254710535.jpg?resize=400%2C193\" alt=\"Gros plan sur les visages d'un couple se baladant dans une rue de Paris. Lui est aveugle, elle est malvoyante.\" class=\"wp-image-479\" srcset=\"https:\/\/i0.wp.com\/www.air-asso.org\/wp-content\/uploads\/2019\/02\/AIR2017-03-08_054-1-e1569254710535.jpg?w=400&amp;ssl=1 400w, https:\/\/i0.wp.com\/www.air-asso.org\/wp-content\/uploads\/2019\/02\/AIR2017-03-08_054-1-e1569254710535.jpg?resize=300%2C145&amp;ssl=1 300w\" sizes=\"auto, (max-width: 400px) 100vw, 400px\" \/><\/figure><div class=\"wp-block-media-text__content\">\n<p style=\"color:#338387\" class=\"has-text-color\"> <span style=\"color:#404040\" class=\"tadv-color\">L\u00b4association<\/span> <strong>A.I.R<\/strong>.<span style=\"color:#404040\" class=\"tadv-color\"> est <\/span><strong>ouverte \u00e0 tous<\/strong> : <\/p>\n\n\n\n<ul class=\"wp-block-list\"><li>particuliers, tous \u00e2ges et tous niveaux<\/li><li>salari\u00e9s<\/li><li>professionnels en contact avec des personnes aveugles ou malvoyantes<\/li><\/ul>\n<\/div><\/div>\n","protected":false},"excerpt":{"rendered":"<p>L\u00b4association A.I.R. dispense des cours d&#8217;informatique aux malvoyants, non-voyants et \u00e0 leur entourage : les informe des possibilit\u00e9s offertes par les technologies adapt\u00e9es leur apprend \u00e0 utiliser ordinateurs, tablettes et smartphones fonctionnant sous Windows, Mac&hellip; <a href=\"https:\/\/www.air-asso.org\/\">Plus<\/a><\/p>\n","protected":false},"author":2,"featured_media":0,"parent":0,"menu_order":0,"comment_status":"closed","ping_status":"closed","template":"","meta":{"om_disable_all_campaigns":false,"footnotes":""},"class_list":["post-349","page","type-page","status-publish","hentry"],"aioseo_notices":[],"jetpack_sharing_enabled":true,"_links":{"self":[{"href":"https:\/\/www.air-asso.org\/index.php\/wp-json\/wp\/v2\/pages\/349","targetHints":{"allow":["GET"]}}],"collection":[{"href":"https:\/\/www.air-asso.org\/index.php\/wp-json\/wp\/v2\/pages"}],"about":[{"href":"https:\/\/www.air-asso.org\/index.php\/wp-json\/wp\/v2\/types\/page"}],"author":[{"embeddable":true,"href":"https:\/\/www.air-asso.org\/index.php\/wp-json\/wp\/v2\/users\/2"}],"replies":[{"embeddable":true,"href":"https:\/\/www.air-asso.org\/index.php\/wp-json\/wp\/v2\/comments?post=349"}],"version-history":[{"count":8,"href":"https:\/\/www.air-asso.org\/index.php\/wp-json\/wp\/v2\/pages\/349\/revisions"}],"predecessor-version":[{"id":1254,"href":"https:\/\/www.air-asso.org\/index.php\/wp-json\/wp\/v2\/pages\/349\/revisions\/1254"}],"wp:attachment":[{"href":"https:\/\/www.air-asso.org\/index.php\/wp-json\/wp\/v2\/media?parent=349"}],"curies":[{"name":"wp","href":"https:\/\/api.w.org\/{rel}","templated":true}]}}

<div class="wp-block-image"><figure class="alignleft is-resized"><img data-recalc-dims="1" loading="lazy" decoding="async" src="https://i0.wp.com/www.wor.air-asso.org/wp-content/uploads/2019/09/oeilvert.jpg?resize=180%2C223" alt="" class="wp-image-608" width="180" height="223" srcset="https://i0.wp.com/www.air-asso.org/wp-content/uploads/2019/09/oeilvert.jpg?w=329&amp;ssl=1 329w, https://i0.wp.com/www.air-asso.org/wp-content/uploads/2019/09/oeilvert.jpg?resize=242%2C300&amp;ssl=1 242w" sizes="auto, (max-width: 180px) 100vw, 180px" /></figure></div>



<p class="has-normal-font-size">L´association <strong>A.I.R.</strong> dispense des <span style="color:#328387" class="tadv-color"><strong>cours d&#8217;informatique</strong></span> aux <span style="color:#328387" class="tadv-color"><strong>malvoyants, non-voyants</strong></span> et à leur entourage :</p>



<div class="wp-block-group"><div class="wp-block-group__inner-container is-layout-flow wp-block-group-is-layout-flow">
<ul class="wp-block-list"><li>les informe des possibilités offertes par les technologies adaptées </li><li>leur apprend à utiliser <strong><span style="color:#328387" class="tadv-color">ordinateurs, tablettes et smartphones</span></strong> fonctionnant sous Windows, Mac OS, IOS ou Androïd </li><li>les forme aux <strong><span style="color:#328387" class="tadv-color">logiciels et téléphones</span></strong> dédiés aux déficients visuels, et aux logiciels bureautiques et métiers </li></ul>
</div></div>



<p class="has-text-color has-background has-text-align-justify has-dark-gray-color has-white-background-color">Nos <strong><span style="color:#328387" class="tadv-color">formations</span></strong> sont  entièrement<strong> <span style="color:#328387" class="tadv-color">personnalisées</span></strong> et dispensées sous forme de <strong><span style="color:#328387" class="tadv-color">cours particuliers</span></strong>  par notre équipe expérimentée de formateurs bénévoles, dans une ambiance conviviale et bienveillante.<br>Le futur stagiaire, après un entretien pour évaluer ses possibilités, envies et besoins,  pourra s&#8217;il le souhaite apprendre sur les appareils et logiciels de l&#8217;association avant d&#8217;acquérir son propre équipement.</p>



<div class="wp-block-media-text alignwide has-media-on-the-right is-stacked-on-mobile" style="grid-template-columns:auto 42%"><figure class="wp-block-media-text__media"><img data-recalc-dims="1" loading="lazy" decoding="async" width="400" height="193" src="https://i0.wp.com/www.wor.air-asso.org/wp-content/uploads/2019/02/AIR2017-03-08_054-1-e1569254710535.jpg?resize=400%2C193" alt="Gros plan sur les visages d'un couple se baladant dans une rue de Paris. Lui est aveugle, elle est malvoyante." class="wp-image-479" srcset="https://i0.wp.com/www.air-asso.org/wp-content/uploads/2019/02/AIR2017-03-08_054-1-e1569254710535.jpg?w=400&amp;ssl=1 400w, https://i0.wp.com/www.air-asso.org/wp-content/uploads/2019/02/AIR2017-03-08_054-1-e1569254710535.jpg?resize=300%2C145&amp;ssl=1 300w" sizes="auto, (max-width: 400px) 100vw, 400px" /></figure><div class="wp-block-media-text__content">
<p style="color:#338387" class="has-text-color"> <span style="color:#404040" class="tadv-color">L´association</span> <strong>A.I.R</strong>.<span style="color:#404040" class="tadv-color"> est </span><strong>ouverte à tous</strong> : </p>



<ul class="wp-block-list"><li>particuliers, tous âges et tous niveaux</li><li>salariés</li><li>professionnels en contact avec des personnes aveugles ou malvoyantes</li></ul>
</div></div>

<p>L´association A.I.R. dispense des cours d&#8217;informatique aux malvoyants, non-voyants et à leur entourage : les informe des possibilités offertes par les technologies adaptées leur apprend à utiliser ordinateurs, tablettes et smartphones fonctionnant sous Windows, Mac&hellip; <a href="https://www.air-asso.org/">Plus</a></p>
